hen 37 is divided by h?
5
Suppose 2*g = 2*u + 40, 0 = g + 3*u + 5 - 33. Let j = -11 + g. What is the remainder when 0 + 32 - (-1 - -3) is divided by j?
8
Let o be (-1)/(1 - (-138)/(-135)). Let h = -22 + o. What is the remainder when ((-5874)/(-99))/(-1*(-4)/6) is divided by h?
20
Let m(p) = p**3 + 7*p**2 + 5*p - 7. Let l = -6 - -10. Suppose -l*v + 15 = -17. Calculate the remainder when m(-4) is divided by v.
5
Let z(k) = -k - 9. Let h be z(-9). Suppose h = y + 3*y - 76. Calculate the remainder when 34 is divided by y.
15
Suppose 39*x = -4*x - 258. Let w(i) be the first derivative of -8*i**2 - 21*i + 2. Calculate the remainder when w(x) is divided by 19.
18
Suppose 2*o + o + 3*s - 150 = 0, -5*s - 220 = -5*o. What is the remainder when o is divided by 12?
11
Let x = -1254 + 817. Calculate the remainder when (x/57)/((-1)/3) is divided by 13.
10
Let j = 11 - 3. Suppose 0 = -5*a - 8 - 2. Calculate the remainder when (1 + a)*(-48)/4 + 1 is divided by j.
5
Suppose -839 - 404 = -11*s. What is the remainder when s is divided by 31?
20
Suppose 4*w - 3*l - 2*l - 539 = 0, 3*w - 412 = -4*l. Calculate the remainder when w is divided by 73.
63
Suppose 3*r - 17 = -x, 4*x = r + 6 + 49. Let d be ((-6)/4)/((-7)/x). Suppose -d*v - 8 = -3*h + 19, 0 = -v. What is the remainder when h is divided by 5?
4
Suppose -4*d = -5*r + 2023, d - 2013 = -4*r - r. Suppose 0 = 9*n - 1033 + r. Calculate the remainder when n is divided by 18.
16
Let k(f) = f**3 + 24*f**2 + 14*f - 25. Let n be k(-23). Calculate the remainder when n + ((-15)/(-6) + -1)*-2 is divided by 30.
29
Suppose 3*r - 2*o - 11 = 0, 5*r - 5*o - 5 = 2*r. Calculate the remainder when 64 is divided by r.
4
Suppose -4*q - 34 = -5*f, 3*q - 21 - 6 = -5*f. Let s(j) = 2*j**2 - j - 14. Suppose 3*b - b = 28. What is the remainder when s(f) is divided by b?
10
Let s = 171 - 147. What is the remainder when 142 is divided by s?
22
Let b = -29726 - -29739. Let g = 39 + 8. Let u = -24 + g. Calculate the remainder when u is divided by b.
10
Let z(n) = -14*n + 5. Calculate the remainder when z(-12) is divided by 44.
41
Suppose 4*i = -2*c + 98, -i - 73 = -5*c + 3*c. What is the remainder when c is divided by 15?
9
Let r = -48 + 91. Let o = 93 + -85. What is the remainder when r is divided by o + 20/(-5) - -19?
20
Suppose -2*a + 0*n - 4*n + 94 = 0, -4*n - 179 = -5*a. Suppose -3*u - 160 = -11*u. Calculate the remainder when a is divided by u.
19
Suppose -58*l - 5*c + 20 = -55*l, -85 = -4*l + 5*c. Calculate the remainder when (-50)/(-6)*3/1 is divided by l.
10
What is the remainder when 228 + 4/(16/(-28)) is divided by 76?
69
What is the remainder when 7/(1*8/24) is divided by 15?
6
Suppose -6 = -2*t + 2*h, -t - h + 3 = t. Suppose 3*j - 66 = -3*q, 0*q + 88 = 4*j + 5*q. Suppose -j = -t*m + 20. Calculate the remainder when 60 is divided by m.
18
Let p be 33*1*(-32)/24. Let f = p + 91. What is the remainder when f is divided by 12?
11
Let l be (1 - 5)*6 - -2. Let a = l - -38. What is the remainder when 57 is divided by a?
9
Suppose 4*i + 3*s = 80, 3*i - 8*i + 2*s + 123 = 0. What is the remainder when 197 is divided by i?
13
Let c(m) = -14*m**3 + m**2. Let o = 30 - 27. Suppose -3*k + 181 = 4*r, -o*r - 4*k + 81 = -60. Calculate the remainder when r is divided by c(-1).
13
Suppose 0 = 3*f - 0*f. Let v be f - (3 - 4) - -4. Suppose v*r - 31 = 49. What is the remainder when 47 is divided by r?
15
Let a be (-138)/9 - 2/3. Let p = 19 + a. What is the remainder when 8 is divided by p?
2
Suppose -2*v = -m - 6, -4*v = -2*m - 5*v - 2. Calculate the remainder when 111 is divided by (69 - 13)*(-1)/m.
27
Suppose 0*z + 20 = 4*z, -3*z - 66 = -3*v. Suppose 2*r + 174 - 484 = -4*g, 2*g = 5*r - 799. Calculate the remainder when r is divided by v.
24
Suppose 5*x - 5*q - 1410 - 4300 = 0, 4*x - 2*q - 4574 = 0. Calculate the remainder when x is divided by 14.
11
Suppose h - 65 = -m, 3*m = 3*h - 7*h + 255. What is the remainder when 419 is divided by h?
59
Suppose -3*g = -9*g + 156. Let a(m) = g*m + 6*m - 1 + 13*m. What is the remainder when a(2) is divided by 30?
29
Suppose 4*s - 2*s + 4 = 0, -5 = 3*w + 4*s. Suppose -93 = 2*b - 5*b. What is the remainder when b is divided by (w - -10) + (-4 - -1)?
7
Calculate the remainder when (6 - -108)/(3/2) is divided by -3 - ((-6)/(-2) + -26).
16
Suppose 436 = 3*x - 4*h, 5*h - 225 = -3*x + 229. Calculate the remainder when x is divided by 75.
73
Suppose -y = -5*p + p - 472, 0 = 4*p - 4*y + 460. Let a(v) = 2*v - 12. Calculate the remainder when (-4)/14 - 1224/p is divided by a(8).
2
Suppose -84 = -3*p + 4*q, 0 = -4*p + p - 5*q + 57. Let y = p - -23. What is the remainder when y is divided by 12?
11
Let f(o) = -o**2 + 85. Suppose -z - 2*z = -4*p + 56, 2*p + 3*z - 28 = 0. What is the remainder when p is divided by f(9)?
2
Let b(u) = -u**2 - u - 260. Let h be b(0). Calculate the remainder when 2/1 + -3 + h/(-4) is divided by 33.
31
Suppose -3*a + 4*h + 56 = 0, -5*a - 7*h = -2*h - 140. What is the remainder when 166 is divided by a?
22
Suppose x + x = 56. Suppose -4*p = -4*c - x, -9 + 4 = c. Let y(m) = 6*m - 5. Calculate the remainder when 27 is divided by y(p).
6
Let b(i) = -i**3 - 12*i**2 + 28*i + 39. What is the remainder when b(-14) is divided by ((-7)/3)/((-2)/12)?
11
Suppose -5*v + 136 = 3*c + 2, v + 171 = 4*c. Calculate the remainder when c is divided by 22.
21
Let f(k) = k**3 - 5*k**2 + 12. Let p be f(4). Calculate the remainder when (20/(-3))/(p/(-72)*-3) is divided by 14.
12
Suppose -7 = 5*n + 4*r - 43, 4*n + 5*r = 36. Let z be 1030/(-30) + 2/(-3). Let b = z - -50. What is the remainder when b is divided by n?
3
Suppose 0 = -4*o - 0*o - 2*r + 46, -5*o - 2*r = -56. Suppose -n = -3*n + o. Calculate the remainder when 14 is divided by n.
4
What is the remainder when 867 is divided by (-346)/(-6) - (12 - 518/42)?
55
Let b(u) = -9 + 30*u - 32*u + 4. What is the remainder when 52 is divided by b(-7)?
7
Let n = -4 - -12. Suppose 0*k = -2*k + n. Suppose -3*a + 2*j + 56 = 0, k*a - 17 = -j + 43. What is the remainder when 62 is divided by a?
14
Let t be -3 + -1 - 36 - -4. What is the remainder when ((-1 - 2) + t/(-16))*-64 is divided by 7?
6
Let v be (-1)/(-2)*24 - 4 - 2. Suppose v*i - 8*i = -228. Calculate the remainder when i is divided by 23.
22
Suppose -30 = 13*r - 8*r. What is the remainder when 1/(-2)*-2 - -48 is divided by ((-34)/r)/(5/15)?
15
Let n = 55 - 44. Suppose 2*j + 3*j = 20. Suppose j = k - n. Calculate the remainder when 29 is divided by k.
14
Suppose 0 = -4*m + 7*m - 87. Let p = -5 - -15. What is the remainder when m is divided by p?
9
Let c be (-33)/(-9) - 6/(-18) - 5. Let q(b) = -b - 5 + 15*b**2 + 4 + 0*b. Calculate the remainder when q(c) is divided by 9.
6
What is the remainder when 25 is divided by (10*(4 + -3))/2 + 8?
12
Calculate the remainder when 10/(-6) + 4 + 6640/24 is divided by 71.
66
Let w(c) = 20*c + 3. Suppose -g + 4 = -0*g. Suppose 0 = -k + 4*j + 85, -k - g*j + 94 = j. What is the remainder when k is divided by w(1)?
20
Suppose -h + 3*b = -1021 - 481, -b = -h + 1494. Calculate the remainder when h is divided by 71.
70
Let b(m) = 24*m - 2. Suppose -4*a + 33 = 5*z, -2*a + 5*z = a + 19. Calculate the remainder when b(a) is divided by (-39*43/774)/((-2)/12).
7
Let g = 2877 - 2852. Calculate the remainder when 1696 is divided by g.
21
Let x be 4/20 - (-12)/(-10). Let b be (-5 + x)/(15/(-10)). Let l = 13 - b. What is the remainder when 26 is divided by l?
8
Suppose 3*z - 9 = 0, z = 3*d - 8*d + 88. Let m(l) = l**3 + 9*l**2 + 10*l + 5. Let k be -4 - 1 - (8 - 6). Calculate the remainder when m(k) is divided by d.
16
Let j be 28*((-75)/(-6) - 4). Suppose 3*b + j = -5*m + 2794, 4*b = -m + 501. Suppose v - 5*v = -8, -m = -5*n + v. What is the remainder when n is divided by 26?
25
Suppose -5*d - 1782 = -27*d. Calculate the remainder when d is divided by 18.
9
Suppose -g + 3*b = -176, -16*b - 688 = -4*g - 20*b. Calculate the remainder when g is divided by 49.
26
Let i(u) be the first derivative of 3*u**4/4 + u**3/3 - 3*u**2/2 + u - 1. Let h = -70 + 160. Calculate the remainder when h is divided by i(2).
21
Suppose h - 4*i - 43 = 0, -4*i = -5*h - 66 + 249. Suppose -h + 106 = l. What is the remainder when l is divided by 12?
11
Let u(j) = 12*j**3 + 3*j**2 - 3*j - 8. Calculate the remainder when u(2) is d